{"id":3097,"date":"2021-03-15T15:23:51","date_gmt":"2021-03-15T14:23:51","guid":{"rendered":"http:\/\/aikido.krakow.pl\/?page_id=3097"},"modified":"2021-03-30T16:46:05","modified_gmt":"2021-03-30T14:46:05","slug":"sansuikai-international","status":"publish","type":"page","link":"https:\/\/aikido.krakow.pl\/index.php\/sansuikai-international\/","title":{"rendered":"Sansuikai International"},"content":{"rendered":"<p><div class=\"fusion-fullwidth fullwidth-box fusion-builder-row-1 fusion-flex-container nonhundred-percent-fullwidth non-hundred-percent-height-scrolling\" style=\"--awb-border-radius-top-left:0px;--awb-border-radius-top-right:0px;--awb-border-radius-bottom-right:0px;--awb-border-radius-bottom-left:0px;--awb-flex-wrap:wrap;\" ><div class=\"fusion-builder-row fusion-row fusion-flex-align-items-flex-start fusion-flex-content-wrap\" style=\"max-width:1378px;margin-left: calc(-4% \/ 2 );margin-right: calc(-4% \/ 2 );\"><div class=\"fusion-layout-column fusion_builder_column fusion-builder-column-0 fusion_builder_column_1_1 1_1 fusion-flex-column\" style=\"--awb-bg-size:cover;--awb-width-large:100%;--awb-margin-top-large:0px;--awb-spacing-right-large:1.92%;--awb-margin-bottom-large:20px;--awb-spacing-left-large:1.92%;--awb-width-medium:100%;--awb-order-medium:0;--awb-spacing-right-medium:1.92%;--awb-spacing-left-medium:1.92%;--awb-width-small:100%;--awb-order-small:0;--awb-spacing-right-small:1.92%;--awb-spacing-left-small:1.92%;\"><div class=\"fusion-column-wrapper fusion-column-has-shadow fusion-flex-justify-content-flex-start fusion-content-layout-column\"><div class=\"fusion-text fusion-text-1\"><p>Sansuikai International jest organizacj\u0105 za\u0142o\u017con\u0105 przez Sensei Yoshimitsu Yamada, kt\u00f3ra jest oficjalnie zarejestrowana w Aikikai, Tokyo, Japan. Oznacza to, \u017ce szko\u0142y b\u0119d\u0105ce cz\u0142onkami Sansuikai International maj\u0105 prawo do nadawania stopni zgodnie z regulaminem Kwatery G\u0142\u00f3wnej Aikido w Tokyo.<\/p>\n<p><img decoding=\"async\" class=\"aligncenter size-full wp-image-3098\" src=\"http:\/\/aikido.krakow.pl\/wp-content\/uploads\/2021\/03\/sansuikai_kaligrafia.png\" alt=\"\" width=\"458\" height=\"92\" srcset=\"https:\/\/aikido.krakow.pl\/wp-content\/uploads\/2021\/03\/sansuikai_kaligrafia-200x40.png 200w, https:\/\/aikido.krakow.pl\/wp-content\/uploads\/2021\/03\/sansuikai_kaligrafia-300x60.png 300w, https:\/\/aikido.krakow.pl\/wp-content\/uploads\/2021\/03\/sansuikai_kaligrafia-400x80.png 400w, https:\/\/aikido.krakow.pl\/wp-content\/uploads\/2021\/03\/sansuikai_kaligrafia.png 458w\" sizes=\"(max-width: 458px) 100vw, 458px\" \/><\/p>\n<p style=\"text-align: center;\"><strong>Aikido Sansuikai \u2013 kaligrafia wykonana przez Sensei Yamade<\/strong><\/p>\n<p style=\"text-align: center;\">SAN \u2013 g\u00f3ra, SUI \u2013 woda, KAI \u2013 stowarzyszenie<\/p>\n<p>W zamy\u015ble za\u0142o\u017cyciela organizacji, Sansuikai ma za zadanie wspiera\u0107 organizacyjnie szko\u0142y oraz osoby obj\u0119te patronatem. Obecnie do Sansuikai International nale\u017cy kilkadziesi\u0105t dojo na \u015bwiecie w tym kilkana\u015bcie w Europie. W Polsce cz\u0142onkami organizacji s\u0105:<\/p>\n<ul>\n<li><a href=\"http:\/\/aikido.krakow.pl\/index.php\/aikido\/sansuikai-international\/#\">Aikikai Krak\u00f3w \u2013 Polska w Krakowie<\/a><\/li>\n<li><a href=\"http:\/\/www.aikido-chrzanow.pl\/\" target=\"_blank\" rel=\"noopener\">Musubi Dojo w Chrzanowie<\/a><\/li>\n<li><a href=\"http:\/\/www.aikido.sosnowiec.pl\/\" target=\"_blank\" rel=\"noopener\">AikiDo Sosnowiec w Sosnowcu<\/a><\/li>\n<li><a href=\"http:\/\/aikidodladzieci.com\/\" target=\"_blank\" rel=\"noopener\">Manabi Dojo w Krakowie<\/a><\/li>\n<\/ul>\n<\/div><\/div><\/div><\/div><\/div><div class=\"fusion-fullwidth fullwidth-box fusion-builder-row-2 fusion-flex-container fusion-parallax-none nonhundred-percent-fullwidth non-hundred-percent-height-scrolling\" style=\"--awb-background-position:right bottom;--awb-border-radius-top-left:0px;--awb-border-radius-top-right:0px;--awb-border-radius-bottom-right:0px;--awb-border-radius-bottom-left:0px;--awb-padding-bottom:5%;--awb-background-color:#060607;--awb-background-image:linear-gradient(90deg, #ffffff 70%,rgba(6,6,7,0) 90%),url(http:\/\/aikido.krakow.pl\/wp-content\/uploads\/2021\/03\/N5Nbanner3@2x-scaled-1.jpg);;--awb-background-size:cover;--awb-flex-wrap:wrap;\" ><div class=\"fusion-builder-row fusion-row fusion-flex-align-items-flex-start fusion-flex-content-wrap\" style=\"max-width:calc( 1325px + 0px );margin-left: calc(-0px \/ 2 );margin-right: calc(-0px \/ 2 );\"><div class=\"fusion-layout-column fusion_builder_column fusion-builder-column-1 fusion_builder_column_2_3 2_3 fusion-flex-column fusion-animated\" style=\"--awb-bg-size:cover;--awb-width-large:66.666666666667%;--awb-margin-top-large:0px;--awb-spacing-right-large:0px;--awb-margin-bottom-large:20px;--awb-spacing-left-large:0px;--awb-width-medium:100%;--awb-spacing-right-medium:0px;--awb-spacing-left-medium:0px;--awb-width-small:100%;--awb-spacing-right-small:0px;--awb-spacing-left-small:0px;\" data-animationType=\"fadeInLeft\" data-animationDuration=\"1.0\" data-animationOffset=\"top-into-view\"><div class=\"fusion-column-wrapper fusion-column-has-shadow fusion-flex-justify-content-flex-start fusion-content-layout-column\"><div class=\"fusion-title title fusion-title-1 fusion-sep-none fusion-title-text fusion-title-size-two\" style=\"--awb-text-color:#ff414b;--awb-margin-bottom:25px;--awb-margin-top-small:0px;--awb-margin-right-small:0px;--awb-margin-bottom-small:20px;--awb-margin-left-small:0px;--awb-font-size:28px;\"><h2 class=\"fusion-title-heading title-heading-left fusion-responsive-typography-calculated\" style=\"margin:0;font-size:1em;--fontSize:28;--minFontSize:28;line-height:1.28;\">Poznaj z nami Aikido<\/h2><\/div><div class=\"fusion-title title fusion-title-2 fusion-sep-none fusion-title-text fusion-title-size-three\" style=\"--awb-text-color:#ffffff;--awb-margin-bottom:10px;--awb-margin-top-small:0px;--awb-margin-right-small:0px;--awb-margin-bottom-small:20px;--awb-margin-left-small:0px;--awb-font-size:58px;\"><h3 class=\"fusion-title-heading title-heading-left fusion-responsive-typography-calculated\" style=\"margin:0;font-size:1em;--fontSize:58;line-height:1.21;\"><span style=\"color: #333333;\">Zapisz si\u0119 na zaj\u0119cia.<\/span><\/h3><\/div><i class=\"fb-icon-element-1 fb-icon-element fontawesome-icon fitness-separator circle-no fusion-text-flow\" style=\"--awb-iconcolor:#000000;--awb-iconcolor-hover:#e74c3c;--awb-font-size:68px;--awb-margin-bottom:20px;\"><\/i><div class=\"fusion-text fusion-text-2\"><p style=\"color: #98939f; font-size: 23px;\" data-fusion-font=\"true\">Zapisy oraz treningi odbywaj\u0105 si\u0119 na obiektach Towarzystwa Sportowego Wis\u0142a, przy ulicy Reymonta 22 w Krakowie. Zaj\u0119cia mo\u017cna zapisa\u0107 si\u0119 przez ca\u0142y rok (w\u0142\u0105cznie z wakacjami). Wystarczy przyj\u015b\u0107 15 minut przed treningiem.<\/p>\n<\/div><\/div><\/div><\/div><\/div><\/p>\n","protected":false},"excerpt":{"rendered":"","protected":false},"author":1,"featured_media":3313,"parent":0,"menu_order":0,"comment_status":"closed","ping_status":"closed","template":"100-width.php","meta":{"footnotes":""},"class_list":["post-3097","page","type-page","status-publish","has-post-thumbnail","hentry"],"_links":{"self":[{"href":"https:\/\/aikido.krakow.pl\/index.php\/wp-json\/wp\/v2\/pages\/3097","targetHints":{"allow":["GET"]}}],"collection":[{"href":"https:\/\/aikido.krakow.pl\/index.php\/wp-json\/wp\/v2\/pages"}],"about":[{"href":"https:\/\/aikido.krakow.pl\/index.php\/wp-json\/wp\/v2\/types\/page"}],"author":[{"embeddable":true,"href":"https:\/\/aikido.krakow.pl\/index.php\/wp-json\/wp\/v2\/users\/1"}],"replies":[{"embeddable":true,"href":"https:\/\/aikido.krakow.pl\/index.php\/wp-json\/wp\/v2\/comments?post=3097"}],"version-history":[{"count":7,"href":"https:\/\/aikido.krakow.pl\/index.php\/wp-json\/wp\/v2\/pages\/3097\/revisions"}],"predecessor-version":[{"id":3329,"href":"https:\/\/aikido.krakow.pl\/index.php\/wp-json\/wp\/v2\/pages\/3097\/revisions\/3329"}],"wp:featuredmedia":[{"embeddable":true,"href":"https:\/\/aikido.krakow.pl\/index.php\/wp-json\/wp\/v2\/media\/3313"}],"wp:attachment":[{"href":"https:\/\/aikido.krakow.pl\/index.php\/wp-json\/wp\/v2\/media?parent=3097"}],"curies":[{"name":"wp","href":"https:\/\/api.w.org\/{rel}","templated":true}]}}

<p><div class="fusion-fullwidth fullwidth-box fusion-builder-row-1 fusion-flex-container nonhundred-percent-fullwidth non-hundred-percent-height-scrolling" style="--awb-border-radius-top-left:0px;--awb-border-radius-top-right:0px;--awb-border-radius-bottom-right:0px;--awb-border-radius-bottom-left:0px;--awb-flex-wrap:wrap;" ><div class="fusion-builder-row fusion-row fusion-flex-align-items-flex-start fusion-flex-content-wrap" style="max-width:1378px;margin-left: calc(-4% / 2 );margin-right: calc(-4% / 2 );"><div class="fusion-layout-column fusion_builder_column fusion-builder-column-0 fusion_builder_column_1_1 1_1 fusion-flex-column" style="--awb-bg-size:cover;--awb-width-large:100%;--awb-margin-top-large:0px;--awb-spacing-right-large:1.92%;--awb-margin-bottom-large:20px;--awb-spacing-left-large:1.92%;--awb-width-medium:100%;--awb-order-medium:0;--awb-spacing-right-medium:1.92%;--awb-spacing-left-medium:1.92%;--awb-width-small:100%;--awb-order-small:0;--awb-spacing-right-small:1.92%;--awb-spacing-left-small:1.92%;"><div class="fusion-column-wrapper fusion-column-has-shadow fusion-flex-justify-content-flex-start fusion-content-layout-column"><div class="fusion-text fusion-text-1"><p>Sansuikai International jest organizacją założoną przez Sensei Yoshimitsu Yamada, która jest oficjalnie zarejestrowana w Aikikai, Tokyo, Japan. Oznacza to, że szkoły będące członkami Sansuikai International mają prawo do nadawania stopni zgodnie z regulaminem Kwatery Głównej Aikido w Tokyo.</p>
<p><img decoding="async" class="aligncenter size-full wp-image-3098" src="http://aikido.krakow.pl/wp-content/uploads/2021/03/sansuikai_kaligrafia.png" alt="" width="458" height="92" srcset="https://aikido.krakow.pl/wp-content/uploads/2021/03/sansuikai_kaligrafia-200x40.png 200w, https://aikido.krakow.pl/wp-content/uploads/2021/03/sansuikai_kaligrafia-300x60.png 300w, https://aikido.krakow.pl/wp-content/uploads/2021/03/sansuikai_kaligrafia-400x80.png 400w, https://aikido.krakow.pl/wp-content/uploads/2021/03/sansuikai_kaligrafia.png 458w" sizes="(max-width: 458px) 100vw, 458px" /></p>
<p style="text-align: center;"><strong>Aikido Sansuikai – kaligrafia wykonana przez Sensei Yamade</strong></p>
<p style="text-align: center;">SAN – góra, SUI – woda, KAI – stowarzyszenie</p>
<p>W zamyśle założyciela organizacji, Sansuikai ma za zadanie wspierać organizacyjnie szkoły oraz osoby objęte patronatem. Obecnie do Sansuikai International należy kilkadziesiąt dojo na świecie w tym kilkanaście w Europie. W Polsce członkami organizacji są:</p>
<ul>
<li><a href="http://aikido.krakow.pl/index.php/aikido/sansuikai-international/#">Aikikai Kraków – Polska w Krakowie</a></li>
<li><a href="http://www.aikido-chrzanow.pl/" target="_blank" rel="noopener">Musubi Dojo w Chrzanowie</a></li>
<li><a href="http://www.aikido.sosnowiec.pl/" target="_blank" rel="noopener">AikiDo Sosnowiec w Sosnowcu</a></li>
<li><a href="http://aikidodladzieci.com/" target="_blank" rel="noopener">Manabi Dojo w Krakowie</a></li>
</ul>
</div></div></div></div></div><div class="fusion-fullwidth fullwidth-box fusion-builder-row-2 fusion-flex-container fusion-parallax-none nonhundred-percent-fullwidth non-hundred-percent-height-scrolling" style="--awb-background-position:right bottom;--awb-border-radius-top-left:0px;--awb-border-radius-top-right:0px;--awb-border-radius-bottom-right:0px;--awb-border-radius-bottom-left:0px;--awb-padding-bottom:5%;--awb-background-color:#060607;--awb-background-image:linear-gradient(90deg, #ffffff 70%,rgba(6,6,7,0) 90%),url(http://aikido.krakow.pl/wp-content/uploads/2021/03/N5Nbanner3@2x-scaled-1.jpg);;--awb-background-size:cover;--awb-flex-wrap:wrap;" ><div class="fusion-builder-row fusion-row fusion-flex-align-items-flex-start fusion-flex-content-wrap" style="max-width:calc( 1325px + 0px );margin-left: calc(-0px / 2 );margin-right: calc(-0px / 2 );"><div class="fusion-layout-column fusion_builder_column fusion-builder-column-1 fusion_builder_column_2_3 2_3 fusion-flex-column fusion-animated" style="--awb-bg-size:cover;--awb-width-large:66.666666666667%;--awb-margin-top-large:0px;--awb-spacing-right-large:0px;--awb-margin-bottom-large:20px;--awb-spacing-left-large:0px;--awb-width-medium:100%;--awb-spacing-right-medium:0px;--awb-spacing-left-medium:0px;--awb-width-small:100%;--awb-spacing-right-small:0px;--awb-spacing-left-small:0px;" data-animationType="fadeInLeft" data-animationDuration="1.0" data-animationOffset="top-into-view"><div class="fusion-column-wrapper fusion-column-has-shadow fusion-flex-justify-content-flex-start fusion-content-layout-column"><div class="fusion-title title fusion-title-1 fusion-sep-none fusion-title-text fusion-title-size-two" style="--awb-text-color:#ff414b;--awb-margin-bottom:25px;--awb-margin-top-small:0px;--awb-margin-right-small:0px;--awb-margin-bottom-small:20px;--awb-margin-left-small:0px;--awb-font-size:28px;"><h2 class="fusion-title-heading title-heading-left fusion-responsive-typography-calculated" style="margin:0;font-size:1em;--fontSize:28;--minFontSize:28;line-height:1.28;">Poznaj z nami Aikido</h2></div><div class="fusion-title title fusion-title-2 fusion-sep-none fusion-title-text fusion-title-size-three" style="--awb-text-color:#ffffff;--awb-margin-bottom:10px;--awb-margin-top-small:0px;--awb-margin-right-small:0px;--awb-margin-bottom-small:20px;--awb-margin-left-small:0px;--awb-font-size:58px;"><h3 class="fusion-title-heading title-heading-left fusion-responsive-typography-calculated" style="margin:0;font-size:1em;--fontSize:58;line-height:1.21;"><span style="color: #333333;">Zapisz się na zajęcia.</span></h3></div><i class="fb-icon-element-1 fb-icon-element fontawesome-icon fitness-separator circle-no fusion-text-flow" style="--awb-iconcolor:#000000;--awb-iconcolor-hover:#e74c3c;--awb-font-size:68px;--awb-margin-bottom:20px;"></i><div class="fusion-text fusion-text-2"><p style="color: #98939f; font-size: 23px;" data-fusion-font="true">Zapisy oraz treningi odbywają się na obiektach Towarzystwa Sportowego Wisła, przy ulicy Reymonta 22 w Krakowie. Zajęcia można zapisać się przez cały rok (włącznie z wakacjami). Wystarczy przyjść 15 minut przed treningiem.</p>
</div></div></div></div></div></p>
