{"id":3089,"date":"2021-03-15T15:13:24","date_gmt":"2021-03-15T14:13:24","guid":{"rendered":"http:\/\/aikido.krakow.pl\/?page_id=3089"},"modified":"2021-03-30T16:24:29","modified_gmt":"2021-03-30T14:24:29","slug":"o-sensei","status":"publish","type":"page","link":"https:\/\/aikido.krakow.pl\/index.php\/o-sensei\/","title":{"rendered":"O-Sensei"},"content":{"rendered":"<p><div class=\"fusion-fullwidth fullwidth-box fusion-builder-row-1 fusion-flex-container nonhundred-percent-fullwidth non-hundred-percent-height-scrolling\" style=\"--awb-border-radius-top-left:0px;--awb-border-radius-top-right:0px;--awb-border-radius-bottom-right:0px;--awb-border-radius-bottom-left:0px;--awb-flex-wrap:wrap;\" ><div class=\"fusion-builder-row fusion-row fusion-flex-align-items-flex-start fusion-flex-content-wrap\" style=\"max-width:1378px;margin-left: calc(-4% \/ 2 );margin-right: calc(-4% \/ 2 );\"><div class=\"fusion-layout-column fusion_builder_column fusion-builder-column-0 fusion_builder_column_1_1 1_1 fusion-flex-column\" style=\"--awb-bg-size:cover;--awb-width-large:100%;--awb-margin-top-large:0px;--awb-spacing-right-large:1.92%;--awb-margin-bottom-large:20px;--awb-spacing-left-large:1.92%;--awb-width-medium:100%;--awb-order-medium:0;--awb-spacing-right-medium:1.92%;--awb-spacing-left-medium:1.92%;--awb-width-small:100%;--awb-order-small:0;--awb-spacing-right-small:1.92%;--awb-spacing-left-small:1.92%;\"><div class=\"fusion-column-wrapper fusion-column-has-shadow fusion-flex-justify-content-flex-start fusion-content-layout-column\"><div class=\"fusion-text fusion-text-1\"><p><img decoding=\"async\" class=\"alignleft size-full wp-image-3092\" src=\"http:\/\/aikido.krakow.pl\/wp-content\/uploads\/2021\/03\/osensei_ayabe-2.jpg\" alt=\"\" width=\"550\" height=\"602\" srcset=\"https:\/\/aikido.krakow.pl\/wp-content\/uploads\/2021\/03\/osensei_ayabe-2-200x219.jpg 200w, https:\/\/aikido.krakow.pl\/wp-content\/uploads\/2021\/03\/osensei_ayabe-2-274x300.jpg 274w, https:\/\/aikido.krakow.pl\/wp-content\/uploads\/2021\/03\/osensei_ayabe-2-400x438.jpg 400w, https:\/\/aikido.krakow.pl\/wp-content\/uploads\/2021\/03\/osensei_ayabe-2.jpg 550w\" sizes=\"(max-width: 550px) 100vw, 550px\" \/><\/p>\n<p>Morihei Ueshiba urodzi\u0142 si\u0119 14 grudnia 1883 roku w wiosce Tanabe, w prefekturze Wakayama, na wyspie Honsiu. By\u0142 czwartym dzieckiem i jedynym synem zamo\u017cnego ziemianina Yoroku Ueshiby. Po ojcu Morihei odziedziczy\u0142 samurajski charakter i zaanga\u017cowanie w sprawy spo\u0142eczne. Matka \u2013 Yuki Itokawa \u2013 zaszczepi\u0142a w synu zami\u0142owanie do religii, poezji i sztuki.<\/p>\n<p>Oko\u0142o roku 1890 Morihei rozpocz\u0105\u0142 nauk\u0119 w po\u0142o\u017conej nie opodal \u015bwi\u0105tyni Jizodera, gdzie pod kierunkiem mnicha Shingon poznawa\u0142 klasyczne teksty konfucja\u0144skie i buddyjskie. Pod wp\u0142ywem mitycznych legend oraz opis\u00f3w pe\u0142nych cud\u00f3w \u017cyciu \u015bwi\u0119tych, Morihei cz\u0119sto marzy\u0142 o tym, aby w przysz\u0142o\u015bci zosta\u0107 buddyjskim mnichem. Zaniepokojony fascynacjami syna, a tak\u017ce w trosce o jego zdrowie, Yoroku rozpocz\u0105\u0142 z nim treningi sumo i p\u0142ywania. Dodatkowo chc\u0105c wzmocni\u0107 zainteresowanie ch\u0142opca sprawno\u015bci\u0105 fizyczn\u0105, opowiada\u0142 mu historie o jego prapradziadku Kichiemonie, jednym z najpot\u0119\u017cniejszych samuraj\u00f3w dawnych czas\u00f3w.<\/p>\n<p>W roku 1895 po uko\u0144czeniu Szko\u0142y Podstawowej w Tanabe, Ueshiba rozpocz\u0105\u0142 nauk\u0119 w nowo powsta\u0142ym Liceum Prefekturalnym. Jednak znudzony i spragniony czego\u015b bardziej praktycznego Morihei porzuci\u0142 szko\u0142\u0119 po roku edukacji. B\u0119d\u0105c zawsze dobry z matematyki zapisa\u0142 si\u0119 do Instytutu Rachunkowo\u015bci Yoshida. Bardzo szybko zdoby\u0142 dyplom i rozpocz\u0105\u0142 prac\u0119 w lokalnym Biurze Podatkowym.<\/p>\n<p>W 1902 roku Morihei zrezygnowa\u0142 z pracy poborcy podatkowego. Pocz\u0105tkowo do jego obowi\u0105zk\u00f3w nale\u017ca\u0142o wyznaczanie warto\u015bci grunt\u00f3w, ale gdy zacz\u0119to oczekiwa\u0107 od niego windykacji, narzuconego na rolnik\u00f3w i rybak\u00f3w nowego, krzywdz\u0105cego podatku, Morihei nie chcia\u0142 d\u0142u\u017cej pe\u0142ni\u0107 swojej funkcji. Przy\u0142\u0105czy\u0142 si\u0119 nawet do ruchu bojkotuj\u0105cego decyzje w\u0142adz. Aby uchroni\u0107 syna przed nieuchronnymi represjami Yoroku da\u0142 mu pewn\u0105 sum\u0119 pieni\u0119dzy i pob\u0142ogos\u0142awi\u0142 s\u0142owami: \u201eZnajd\u017a sobie zaj\u0119cie, kt\u00f3re naprawd\u0119 b\u0119dziesz lubi\u0142 robi\u0107\u201d. Z nadziej\u0105, \u017ce zostanie wielkim kupcem Morihei Ueshiba przyjecha\u0142 do Tokyo. Wkr\u00f3tce uda\u0142o mu si\u0119 nawet otworzy\u0107 w\u0142asny sklepik handluj\u0105cy materia\u0142ami pi\u015bmienniczymi. Interes nie szed\u0142 jednak dobrze i po paru miesi\u0105cach splajtowa\u0142.<\/p>\n<p>W czasie swojego pobytu w Tokyo Morihei na nowo odkry\u0142 w sobie zainteresowanie sztukami walk. Rozpocz\u0105\u0142 treningi jujutsu wed\u0142ug tradycji Kito-ryu, pod kierunkiem Takusaburo Tozawy. Ueshiba zapisa\u0142 si\u0119 r\u00f3wnie\u017c na zaj\u0119cia kenjutsu w centralnym o\u015brodku stylu Shinkage-ryu. Niestety zbyt intensywny tryb \u017cycia, ci\u0119\u017cka praca w sklepie i jeszcze ci\u0119\u017csze wieczorne treningi doprowadzi\u0142y Ueshib\u0119 do utraty zdrowia. Zachorowa\u0142 na beri-beri i musia\u0142 powr\u00f3ci\u0107 do rodzinnego Tanabe. Morihei szybko odzyska\u0142 zdrowie, a wkr\u00f3tce potem o\u017ceni\u0142 si\u0119 ze swoj\u0105 przyjaci\u00f3\u0142k\u0105 z dzieci\u0144stwa Hatsu Itokawa. Mimo jednak, \u017ce jego sytuacja \u017cyciowa ustabilizowa\u0142a si\u0119 nadal nie wiedzia\u0142 czym mia\u0142by si\u0119 zaj\u0105\u0107, aby m\u00f3g\u0142 poczu\u0107 si\u0119 w pe\u0142ni szcz\u0119\u015bliwy i spe\u0142niony.<\/p>\n<p>Zaostrzaj\u0105cy si\u0119 konflikt rosyjsko-japo\u0144ski sprawi\u0142, \u017ce Morihei wst\u0105pi\u0142 do armii. Wyr\u00f3\u017cniaj\u0105c si\u0119 cechami charakteru, a tak\u017ce niezwyk\u0142a sprawno\u015b\u0107 pos\u0142ugiwania si\u0119 bagnetem spowodowa\u0142y, \u017ce Ueshiba szybko awansowa\u0142. W 1904 roku wyruszy\u0142 na front w stopniu kaprala, a po powrocie za odwag\u0119 otrzyma\u0142 stopie\u0144 sier\u017canta. Podczas czterech lat s\u0142u\u017cby Morihei Ueshiba nie zaniedbywa\u0142 trening\u00f3w sztuk walk. Studiuj\u0105c jujutsu szko\u0142y Goto Yagyu, pod kierunkiem Masakatsu Nakaia zdoby\u0142 sw\u00f3j pierwszy certyfikat nauczycielski menkyo. Ueshiba by\u0142 tak warto\u015bciowym \u017co\u0142nierzem, \u017ce zaproponowano mu wst\u0105pienie do Akademii Wojskowej. Odm\u00f3wi\u0142 jednak i powr\u00f3ci\u0142 w rodzinne strony. Ale ani ma\u0142\u017ce\u0144skie \u017cycie, ani praca na roli, ani te\u017c zaanga\u017cowanie si\u0119 w sprawy spo\u0142eczne i polityczne Tanabe nie mog\u0142y okie\u0142zna\u0107 jego niespokojnego ducha. Ueshiba popada\u0142 w skrajne nastroje, raz zamyka\u0142 si\u0119 w swoim pokoju i modli\u0142 si\u0119 przez d\u0142ugie godziny, innym razem w \u015brodku nocy wybiega\u0142 z domu i k\u0105pa\u0142 si\u0119 w lodowatej wodzie albo znika\u0142 w g\u00f3rach na ca\u0142e dnie. Troskliwy Yoroku, aby znale\u017a\u0107 synowi jakie\u015b zaj\u0119cie, przebudowa\u0142 star\u0105 szop\u0119 na dojo i wkr\u00f3tce zaprosi\u0142 do domu znanego nauczyciela jujutsu Kiyoichi Takagiego. Ci\u0119\u017ckie treningi z\u0142agodzi\u0142y impulsywno\u015b\u0107 Ueshiby i uspokoi\u0142y nieco sytuacj\u0119 w domu.<\/p>\n<p>W 1910 roku w ramach pozyskiwania nowych teren\u00f3w rz\u0105d Japonii zach\u0119ca\u0142 do kolonizacji nie zaludnionych obszar\u00f3w Hokkaido. W marcu 1912 roku Moriheh Ueshiba na czele grupy 80 os\u00f3b opu\u015bci\u0142 Tanabe. Pocz\u0105tki na nowym l\u0105dzie by\u0142y bardzo trudne, ziemia by\u0142a ca\u0142kowicie ja\u0142owa a pionierom powodzi\u0142o si\u0119 z bardzo zmiennym szcz\u0119\u015bciem. Jednak dzi\u0119ki uporowi, sile charakteru i ca\u0142kowitemu oddaniu sprawie Ueshiby wkr\u00f3tce w dziewiczym dot\u0105d miejscu powsta\u0142o miasteczko Shirataki. Morihei za swoje zas\u0142ugi zosta\u0142 okrzykni\u0119ty \u201eKr\u00f3lem Shirataki\u201d.<\/p>\n<p>W roku 1915 podczas pobytu w mie\u015bcie Engaru Ueshiba po raz pierwszy spotka\u0142 si\u0119 z legendarnym mistrzem Daito-ryu aiki jujutsu Sakaku Taked\u0105. Poznali si\u0119 w gospodzie Kubota, gdzie po kr\u00f3tkim pojedynku Ueshiba przekona\u0142 si\u0119 jak wiele mo\u017ce si\u0119 nauczy\u0107 trenuj\u0105c pod okiem Takedy. Poprosi\u0142 go nauk\u0119 i przez nast\u0119pny miesi\u0105c ca\u0142kowicie po\u015bwi\u0119ci\u0142 si\u0119 treningom, prawie zapominaj\u0105c o swoich obowi\u0105zkach.<\/p>\n<p>Po powrocie do Shirataki Morihei zabra\u0142 si\u0119 za budow\u0119 dojo, aby m\u00f3c kontynuowa\u0107 nauk\u0119 daito. Z pocz\u0105tkiem roku 1916 do Shirataki przyby\u0142, zaproszony przez Ueshib\u0119 mistrz Takeda i rozpocz\u0105\u0142 si\u0119 kolejny okres bardzo intensywnych trening\u00f3w. Po stu dniach ci\u0119\u017ckiej pracy Morihei pozna\u0142 118 podstawowych technik daito, wymaganych do otrzymania certyfikatu shoden mokuroku. Od 1917 roku Ueshiba zacz\u0105\u0142 towarzyszy\u0107 Sokaku w jego w\u0119dr\u00f3wkach po kraju i asystowa\u0107 mu w nauczeniu aiki jujutsu.<\/p>\n<p><img decoding=\"async\" class=\"alignright size-full wp-image-3093\" src=\"http:\/\/aikido.krakow.pl\/wp-content\/uploads\/2021\/03\/osensei_ikkyo.jpg\" alt=\"\" width=\"825\" height=\"551\" srcset=\"https:\/\/aikido.krakow.pl\/wp-content\/uploads\/2021\/03\/osensei_ikkyo-200x134.jpg 200w, https:\/\/aikido.krakow.pl\/wp-content\/uploads\/2021\/03\/osensei_ikkyo-300x200.jpg 300w, https:\/\/aikido.krakow.pl\/wp-content\/uploads\/2021\/03\/osensei_ikkyo-400x267.jpg 400w, https:\/\/aikido.krakow.pl\/wp-content\/uploads\/2021\/03\/osensei_ikkyo-600x401.jpg 600w, https:\/\/aikido.krakow.pl\/wp-content\/uploads\/2021\/03\/osensei_ikkyo-768x513.jpg 768w, https:\/\/aikido.krakow.pl\/wp-content\/uploads\/2021\/03\/osensei_ikkyo-800x534.jpg 800w, https:\/\/aikido.krakow.pl\/wp-content\/uploads\/2021\/03\/osensei_ikkyo.jpg 825w\" sizes=\"(max-width: 825px) 100vw, 825px\" \/><\/p>\n<p>W listopadzie 1913 roku Morihei otrzyma\u0142 wiadomo\u015b\u0107, \u017ce jego 76 letni ojciec jest bardzo chory. Ueshiba bezzw\u0142ocznie postanowi\u0142 wyruszy\u0107 do Tanabe. Sprzeda\u0142 znaczn\u0105 cz\u0119\u015b\u0107 swojego maj\u0105tku, reszt\u0119 podarowa\u0142 Takedzie i na sta\u0142e po\u017cegna\u0142 si\u0119 z Shirataki. W drodze do rodzinnego domu Morihei zatrzyma\u0142 si\u0119 na trzy dni w Ayabe, w g\u0142\u00f3wnej kwaterze Omoto-kyo, nowej religii, o kt\u00f3rej wiele s\u0142ysza\u0142, i kt\u00f3ra wielce go interesowa\u0142a. Ueshiba chcia\u0142 pomodli\u0107 si\u0119 o uzdrowienie swojego ojca, ale przyw\u00f3dca sekty Deguchi Onisaburo uspokoi\u0142 go m\u00f3wi\u0105c, \u017ce cokolwiek si\u0119 stanie, b\u0119dzie to dla Yoroku najlepsze. Morihei przyby\u0142 do Tanabe dwa dni po \u015bmierci ojca. Yoroku Ueshiba zmar\u0142 2 stycznia 1914 r.. Ku zaskoczeniu rodziny i przyjaci\u00f3\u0142 Morihei postanowi\u0142 przenie\u015b\u0107 si\u0119 do Ayabe i podda\u0107 duchowemu zwierzchnictwu Onisaburo. Przez nast\u0119pne 8 lat Ueshiba mieszka\u0142 w Ayabe niedaleko \u015bwi\u0105tyni Omoto-kyo, asystowa\u0142 Onisaburo, uczy\u0142 buddo w dojo Ueshiba Juku, pracowa\u0142 na farmie, studiowa\u0142 doktryny religijne oraz praktykowa\u0142 medytacje chinkon-kishin. Du\u017cy wp\u0142yw na Ueshib\u0119 mia\u0142y pacyfistyczne pogl\u0105dy Onisaburo. \u015awi\u0119ty zezwoli\u0142 jednak i na budow\u0119 dojo i na nauczanie sztuk walki, wierz\u0105c, \u017ce calem Ueshiby jest odkrycie prawdziwego znaczenia budo; znalezienie sposobu zako\u0144czenia wszelkich walk i konflikt\u00f3w.<\/p>\n<p>W 1921 roku Onisaburo Deguchi postanowi\u0142 za\u0142o\u017cy\u0107 w Mongoli \u201eNiebia\u0144skie Kr\u00f3lestwo na Ziemi\u201d. Wraz z grup\u0105 swoich najbardziej zaufanych zwolennik\u00f3w, a w tym i z Ueshib\u0105, wyruszy\u0142 do Chin. Pr\u00f3ba stworzenia utopijnej krainy spe\u0142z\u0142y jednak na niczym. Podejrzan\u0105 grup\u0105 zainteresowa\u0142y si\u0119 miejscowe w\u0142adze w rezultacie czego Deguchiemu, Ueshibie i innym ledwo uda\u0142o si\u0119 uj\u015b\u0107 z \u017cyciem z ca\u0142ej tej przygody.<\/p>\n<p>W roku 1922 Morihei ponownie spotka\u0142 si\u0119 z Taked\u0105. \u0106wiczyli razem przez sze\u015b\u0107 miesi\u0119cy a po tym czasie Ueshiba uzyska\u0142 dyplom instruktorski (shihandai) stylu Daito ryu aiki jujutsu. Jednak od tego momentu drogi Ueshiby i Takedy zacz\u0119\u0142y si\u0119 rozchodzi\u0107. Budo zacz\u0119\u0142o dla Ueshiby przyjmowa\u0107 coraz bardziej duchowy charakter. Dodatkowo pod wp\u0142ywem Onisaburo Morihei postanowi\u0142 stworzy\u0107 sw\u00f3j w\u0142asny styl, porzuci\u0142 wi\u0119c Yagyu ryu i Daito ryu. Owo nowe podej\u015bcie zosta\u0142o formalnie nazwane aiki bujutsu, ale szerzej by\u0142o znane jako Ueshiba ryu aiki bujutsu.<\/p>\n<p>Wiosn\u0105 1925 roku mia\u0142o miejsce wydarzenie, kt\u00f3re w znacznym stopniu wp\u0142yn\u0119\u0142o na ostateczny kierunek pod\u0105\u017ca\u0144 Ueshiby. Do Ueshiba Juku w Ayabe przyby\u0142 instruktor kendo, kt\u00f3ry chcia\u0142 si\u0119 zmierzy\u0107 z Ueshib\u0105. Ten przyj\u0105\u0142 wyzwanie i pokona\u0142 go praktycznie bez walki. Po ca\u0142ym zaj\u015bciu poszed\u0142 do ogrodu, aby obmy\u0107 si\u0119 wod\u0105 ze studni. Wtedy w\u0142a\u015bnie do\u015bwiadczy\u0142 mitycznego uczucia zjednoczenia cia\u0142a, umys\u0142u i ducha. Morihei dozna\u0142 o\u015bwiecenia, poczu\u0142 w sobie doskona\u0142\u0105 harmoni\u0119 wszech\u015bwiata. Zda\u0142 sobie spraw\u0119, \u017ce prawdziwym celem budo jest mi\u0142o\u015b\u0107, kt\u00f3ra chroni i jednoczy wszystkie istoty. Morihei postanowi\u0142 zmieni\u0107 nazw\u0119 swojego stylu z aiki bujutsu na aiki budo. Wkr\u00f3tce jego szko\u0142a sta\u0142a si\u0119 szeroko znana przyci\u0105gaj\u0105c do siebie wiele znakomitych osobowo\u015bci. Mi\u0119dzy innymi Ueshiba pozna\u0142 admira\u0142a Isamu Takeshit\u0119, kt\u00f3ry zaprosi\u0142 go do Tokyo na seri\u0119 sponsorowanych trening\u00f3w.<\/p>\n<p>W roku 1927 Ueshiba na sta\u0142e opu\u015bci\u0142 Ayab\u0119 i przeni\u00f3s\u0142 si\u0119 do Tokyo. W kwietniu 1931 roku w Ushigomie zosta\u0142a zako\u0144czona budowa Kobukan, stanowi\u0105cego od tej pory centraln\u0105 siedzib\u0119 aiki budo. Dziesi\u0119\u0107 kolejnych lat mo\u017cna nazwa\u0107 z\u0142otym okresem aiki budo. Ueshiba naucza\u0142 nie tylko w Kobukan ale je\u017adzi\u0142 po ca\u0142ym kraju udzielaj\u0105c lekcji nowego stylu walki. Dzi\u0119ki temu powsta\u0142o kilka kolejnych o\u015brodk\u00f3w aiki budo mi\u0119dzy innymi Otsuka Dojo w Koishikawa, Fujimi-Cho Dojo w Idabashi oraz Sonezaki Dojo w Osace. Dzi\u0119ki rekomendacji swoich student\u00f3w Ueshiba prowadzi\u0142 r\u00f3wnie\u017c treningi dla policji, ludzi ze \u015bwiata finans\u00f3w i tzw. \u201ewy\u017cszych sfer\u201d.<\/p>\n<p>W 1932 roku powsta\u0142o Towarzystwo Promocji Japo\u0144skich Sztuk Walki ( Budo Sen\u2019Yokai ), kt\u00f3rego prezesem zosta\u0142 Ueshiba. Przyczyni\u0142o si\u0119 to do jeszcze wi\u0119kszego rozpowszechnienia jego stylu i powstania kolejnych dojo niemal\u017ce w ca\u0142ej Japonii.<\/p>\n<p>30 kwietnia 1940 roku Ministerstwo Zdrowia i Opieki Spo\u0142ecznej zarejestrowa\u0142o Kobukan jako oficjalne stowarzyszenie. Jego pierwszym prezesem zosta\u0142 admira\u0142 Takeshita. W tym samym roku Akademia Policyjna uzna\u0142a aiki budo za oficjalny przedmiot nauczania.<\/p>\n<p>W 1941 roku aiki budo zosta\u0142o zakwalifikowane do Butokukai, rz\u0105dowej organizacji jednocz\u0105cej wszystkie sztuki walki. Od tego mniej wi\u0119cej okresu nazwa aikido zacz\u0119\u0142a zast\u0119powa\u0107 dotychczasow\u0105 aiki budo.<\/p>\n<p><img decoding=\"async\" class=\"alignleft size-full wp-image-3094\" src=\"http:\/\/aikido.krakow.pl\/wp-content\/uploads\/2021\/03\/osensei_demonstration.jpg\" alt=\"\" width=\"962\" height=\"754\" srcset=\"https:\/\/aikido.krakow.pl\/wp-content\/uploads\/2021\/03\/osensei_demonstration-200x157.jpg 200w, https:\/\/aikido.krakow.pl\/wp-content\/uploads\/2021\/03\/osensei_demonstration-300x235.jpg 300w, https:\/\/aikido.krakow.pl\/wp-content\/uploads\/2021\/03\/osensei_demonstration-400x314.jpg 400w, https:\/\/aikido.krakow.pl\/wp-content\/uploads\/2021\/03\/osensei_demonstration-600x470.jpg 600w, https:\/\/aikido.krakow.pl\/wp-content\/uploads\/2021\/03\/osensei_demonstration-768x602.jpg 768w, https:\/\/aikido.krakow.pl\/wp-content\/uploads\/2021\/03\/osensei_demonstration-800x627.jpg 800w, https:\/\/aikido.krakow.pl\/wp-content\/uploads\/2021\/03\/osensei_demonstration.jpg 962w\" sizes=\"(max-width: 962px) 100vw, 962px\" \/><\/p>\n<p>W 1942 roku Ueshiba zm\u0119czony \u017cyciem w mie\u015bcie pozostawi\u0142 dojo Kobukan pod opieka syna Kisshomaru a sam przeni\u00f3s\u0142 si\u0119 do Iwamy w prefekturze Ibaragi. Morihei \u017cy\u0142 tu spokojnie z dala od wojennej zawieruchy, trenowa\u0142, studiowa\u0142 teksty religijne i filozoficzne, uprawia\u0142 ziemi\u0119 i nadzorowa\u0142 budow\u0119 \u015bwi\u0105tyni Aiki Shrine i Shuren Dojo. Iwama mo\u017ce by\u0107 uwa\u017cana za kolebk\u0119 narodzin prawdziwego aikido, o ile bowiem sama nazwa funkcjonowa\u0142a ju\u017c od 1942 roku, to tutaj dosz\u0142o do ca\u0142kowitego sformu\u0142owania jego filozoficzno-religijnych podstaw. Po wojnie kiedy zniesiono ju\u017c restrykcje zabraniaj\u0105ce uprawiania jakichkolwiek sztuk walk, Fundacja Kobukan zmieni\u0142a swoj\u0105 organizacyjn\u0105 nazw\u0119 na Stowarzyszenie Aiki (Aikikai). Nowe stowarzyszenie zosta\u0142o zalegalizowane 9 lutego 1948 roku.<\/p>\n<p>Od roku 1950 Morihei Ueshiba ponownie zacz\u0105\u0142 podr\u00f3\u017cowa\u0107 po kraju i naucza\u0107. By\u0142a to jednak ju\u017c zupe\u0142nie inna sztuka walki ni\u017c ta, kt\u00f3r\u0105 prezentowa\u0142 przed wojn\u0105: gwa\u0142towne, ostre, nacechowane si\u0142a fizyczn\u0105 ruchy ust\u0105pi\u0142y miejsca ruchom \u0142agodnym, spokojnym i w pe\u0142ni harmonijnym ale r\u00f3wnie skutecznym. W 1954 roku kwatera g\u0142\u00f3wna aikido zosta\u0142a przeniesiona do tokijskiego dojo i nazwana Hombu Dojo. W roku 1960 Moriheui Ueshiba razem z Yosaburo Uno, posiadaczem stopnia 10 dan w kyudo, otrzyma\u0142 z r\u0105k cesarza Hirihito nagrod\u0119 Shijuhosho.<\/p>\n<p>15 grudnia 1967 roku zako\u0144czono budow\u0119 nowego trzypi\u0119trowego budynku dla Hombu Dojo w Tokyo. Wiosn\u0105 1969 roku stan Ueshiby znacznie si\u0119 pogorszy\u0142. Morihei Ueshiba odszed\u0142 w spokoju 26 kwietnia 1969 roku o godzinie 17.00. Tu\u017c przed \u015bmierci\u0105 przekaza\u0142 swoje zwierzchnictwo synowi Kisshomaru. Dwa miesi\u0105ce po \u015bmierci m\u0119\u017ca do\u0142\u0105czy\u0142a do niego jego \u017cona Hatsu.<\/p>\n<\/div><div class=\"fusion-separator fusion-full-width-sep\" style=\"align-self: center;margin-left: auto;margin-right: auto;margin-top:50px;width:100%;\"><\/div><\/div><\/div><\/div><\/div><div class=\"fusion-fullwidth fullwidth-box fusion-builder-row-2 fusion-flex-container fusion-parallax-none nonhundred-percent-fullwidth non-hundred-percent-height-scrolling\" style=\"--awb-background-position:right bottom;--awb-border-radius-top-left:0px;--awb-border-radius-top-right:0px;--awb-border-radius-bottom-right:0px;--awb-border-radius-bottom-left:0px;--awb-padding-bottom:5%;--awb-background-color:#060607;--awb-background-image:linear-gradient(90deg, #ffffff 70%,rgba(6,6,7,0) 90%),url(http:\/\/aikido.krakow.pl\/wp-content\/uploads\/2021\/03\/N3Nbanner3@2x-scaled-1.jpg);;--awb-background-size:cover;--awb-flex-wrap:wrap;\" ><div class=\"fusion-builder-row fusion-row fusion-flex-align-items-flex-start fusion-flex-content-wrap\" style=\"max-width:calc( 1325px + 0px );margin-left: calc(-0px \/ 2 );margin-right: calc(-0px \/ 2 );\"><div class=\"fusion-layout-column fusion_builder_column fusion-builder-column-1 fusion_builder_column_2_3 2_3 fusion-flex-column fusion-animated\" style=\"--awb-bg-size:cover;--awb-width-large:66.666666666667%;--awb-margin-top-large:0px;--awb-spacing-right-large:0px;--awb-margin-bottom-large:20px;--awb-spacing-left-large:0px;--awb-width-medium:100%;--awb-spacing-right-medium:0px;--awb-spacing-left-medium:0px;--awb-width-small:100%;--awb-spacing-right-small:0px;--awb-spacing-left-small:0px;\" data-animationType=\"fadeInLeft\" data-animationDuration=\"1.0\" data-animationOffset=\"top-into-view\"><div class=\"fusion-column-wrapper fusion-column-has-shadow fusion-flex-justify-content-flex-start fusion-content-layout-column\"><div class=\"fusion-title title fusion-title-1 fusion-sep-none fusion-title-text fusion-title-size-two\" style=\"--awb-text-color:#ff414b;--awb-margin-bottom:25px;--awb-margin-top-small:0px;--awb-margin-right-small:0px;--awb-margin-bottom-small:20px;--awb-margin-left-small:0px;--awb-font-size:28px;\"><h2 class=\"fusion-title-heading title-heading-left fusion-responsive-typography-calculated\" style=\"margin:0;font-size:1em;--fontSize:28;--minFontSize:28;line-height:1.28;\">Poznaj z nami Aikido<\/h2><\/div><div class=\"fusion-title title fusion-title-2 fusion-sep-none fusion-title-text fusion-title-size-three\" style=\"--awb-text-color:#ffffff;--awb-margin-bottom:10px;--awb-margin-top-small:0px;--awb-margin-right-small:0px;--awb-margin-bottom-small:20px;--awb-margin-left-small:0px;--awb-font-size:58px;\"><h3 class=\"fusion-title-heading title-heading-left fusion-responsive-typography-calculated\" style=\"margin:0;font-size:1em;--fontSize:58;line-height:1.21;\"><span style=\"color: #333333;\">Zapisz si\u0119 na zaj\u0119cia.<\/span><\/h3><\/div><i class=\"fb-icon-element-1 fb-icon-element fontawesome-icon fitness-separator circle-no fusion-text-flow\" style=\"--awb-iconcolor:#000000;--awb-iconcolor-hover:#e74c3c;--awb-font-size:68px;--awb-margin-bottom:20px;\"><\/i><div class=\"fusion-text fusion-text-2\"><p style=\"color: #98939f; font-size: 23px;\" data-fusion-font=\"true\">Zapisy oraz treningi odbywaj\u0105 si\u0119 na obiektach Towarzystwa Sportowego Wis\u0142a, przy ulicy Reymonta 22 w Krakowie. Zaj\u0119cia mo\u017cna zapisa\u0107 si\u0119 przez ca\u0142y rok (w\u0142\u0105cznie z wakacjami). Wystarczy przyj\u015b\u0107 15 minut przed treningiem.<\/p>\n<\/div><\/div><\/div><\/div><\/div><\/p>\n","protected":false},"excerpt":{"rendered":"","protected":false},"author":1,"featured_media":2998,"parent":0,"menu_order":0,"comment_status":"closed","ping_status":"closed","template":"100-width.php","meta":{"footnotes":""},"class_list":["post-3089","page","type-page","status-publish","has-post-thumbnail","hentry"],"_links":{"self":[{"href":"https:\/\/aikido.krakow.pl\/index.php\/wp-json\/wp\/v2\/pages\/3089","targetHints":{"allow":["GET"]}}],"collection":[{"href":"https:\/\/aikido.krakow.pl\/index.php\/wp-json\/wp\/v2\/pages"}],"about":[{"href":"https:\/\/aikido.krakow.pl\/index.php\/wp-json\/wp\/v2\/types\/page"}],"author":[{"embeddable":true,"href":"https:\/\/aikido.krakow.pl\/index.php\/wp-json\/wp\/v2\/users\/1"}],"replies":[{"embeddable":true,"href":"https:\/\/aikido.krakow.pl\/index.php\/wp-json\/wp\/v2\/comments?post=3089"}],"version-history":[{"count":5,"href":"https:\/\/aikido.krakow.pl\/index.php\/wp-json\/wp\/v2\/pages\/3089\/revisions"}],"predecessor-version":[{"id":3328,"href":"https:\/\/aikido.krakow.pl\/index.php\/wp-json\/wp\/v2\/pages\/3089\/revisions\/3328"}],"wp:featuredmedia":[{"embeddable":true,"href":"https:\/\/aikido.krakow.pl\/index.php\/wp-json\/wp\/v2\/media\/2998"}],"wp:attachment":[{"href":"https:\/\/aikido.krakow.pl\/index.php\/wp-json\/wp\/v2\/media?parent=3089"}],"curies":[{"name":"wp","href":"https:\/\/api.w.org\/{rel}","templated":true}]}}